r when 16029 is divided by 2720?
2429
Calculate the remainder when 1724584471 is divided by 491.
490
Calculate the remainder when 163021 is divided by 4398.
295
Calculate the remainder when 1604313 is divided by 335.
333
What is the remainder when 1495845 is divided by 10534?
17
What is the remainder when 81548208 is divided by 43?
41
What is the remainder when 591519 is divided by 5099?
35
Calculate the remainder when 607060 is divided by 27.
19
Calculate the remainder when 20741152 is divided by 20741071.
81
What is the remainder when 36577524 is divided by 26?
22
Calculate the remainder when 125211 is divided by 20773.
573
What is the remainder when 11122004 is divided by 4417?
4415
What is the remainder when 45125508 is divided by 58?
0
Calculate the remainder when 18018640 is divided by 123.
1
What is the remainder when 750347 is divided by 278?
25
What is the remainder when 29298147 is divided by 85169?
11
Calculate the remainder when 199084 is divided by 65.
54
Calculate the remainder when 10257505 is divided by 1647.
1636
What is the remainder when 6173817 is divided by 662?
5
Calculate the remainder when 4200390 is divided by 656.
22
Calculate the remainder when 11352814 is divided by 222604.
10
Calculate the remainder when 1743615 is divided by 4027.
3951
Calculate the remainder when 1001878 is divided by 28.
10
What is the remainder when 2107397 is divided by 1053698?
1
What is the remainder when 51056 is divided by 5743?
5112
What is the remainder when 5840048 is divided by 846?
110
What is the remainder when 20041337 is divided by 56?
1
What is the remainder when 991496 is divided by 3032?
32
Calculate the remainder when 56636 is divided by 56631.
5
Calculate the remainder when 3695280 is divided by 615875.
30
What is the remainder when 73233 is divided by 379?
86
What is the remainder when 546913 is divided by 389?
368
Calculate the remainder when 33502699 is divided by 191.
153
Calculate the remainder when 4052901 is divided by 6789.
6657
Calculate the remainder when 64116380 is divided by 816.
812
What is the remainder when 115588 is divided by 115542?
46
Calculate the remainder when 3416077 is divided by 63.
28
Calculate the remainder when 112539905 is divided by 104011.
3
Calculate the remainder when 21853 is divided by 7133.
454
What is the remainder when 527935 is divided by 842?
1
What is the remainder when 282768 is divided by 485?
13
What is the remainder when 849263 is divided by 1079?
90
Calculate the remainder when 2997459 is divided by 17.
2
What is the remainder when 69211505 is divided by 546?
545
What is the remainder when 954516 is divided by 953985?
531
What is the remainder when 1169699 is divided by 525?
524
What is the remainder when 219916343 is divided by 27?
20
What is the remainder when 1075154 is divided by 778?
736
Calculate the remainder when 3887942 is divided by 1295978.
8
Calculate the remainder when 6629928 is divided by 19850.
28
Calculate the remainder when 1607659 is divided by 4506.
3523
Calculate the remainder when 78837521 is divided by 585.
581
Calculate the remainder when 1121504 is divided by 602.
580
Calculate the remainder when 11940207 is divided by 66.
15
What is the remainder when 1871969 is divided by 51?
14
Calculate the remainder when 416845 is divided by 460.
85
What is the remainder when 9056297 is divided by 1811248?
57
Calculate the remainder when 1754642 is divided by 2052.
182
What is the remainder when 137023 is divided by 10193?
4514
What is the remainder when 5668755 is divided by 2162?
2153
What is the remainder when 3341122 is divided by 5206?
4076
Calculate the remainder when 2921 is divided by 162.
5
What is the remainder when 55053748 is divided by 219?
214
Calculate the remainder when 120470 is divided by 120394.
76
What is the remainder when 153774611 is divided by 7?
4
Calculate the remainder when 2957338 is divided by 369646.
170
What is the remainder when 137532783 is divided by 3661?
3657
What is the remainder when 101005 is divided by 100056?
949
What is the remainder when 1084781 is divided by 348?
65
Calculate the remainder when 97612 is divided by 22.
20
What is the remainder when 182277 is divided by 345?
117
What is the remainder when 29118 is divided by 834?
762
Calculate the remainder when 37179 is divided by 11738.
1965
What is the remainder when 525940 is divided by 16964?
56
Calculate the remainder when 14846320 is divided by 322746.
4
What is the remainder when 428435 is divided by 107107?
7
Calculate the remainder when 26927 is divided by 13143.
641
What is the remainder when 4309426 is divided by 1077348?
34
What is the remainder when 4882716 is divided by 149?
135
Calculate the remainder when 344065 is divided by 10111.
291
What is the remainder when 179262131 is divided by 195?
191
Calculate the remainder when 42283 is divided by 8377.
398
What is the remainder when 19662258 is divided by 8905?
18
What is the remainder when 328651 is divided by 1658?
367
Calculate the remainder when 9769649 is divided by 2172.
2165
Calculate the remainder when 757496687 is divided by 46.
13
What is the remainder when 630270 is divided by 931?
914
Calculate the remainder when 1672947 is divided by 16727.
247
Calculate the remainder when 23310 is divided by 4618.
220
What is the remainder when 2988371 is divided by 1504?
1427
What is the remainder when 2033126 is divided by 115?
41
Calculate the remainder when 95094291 is divided by 156.
123
Calculate the remainder when 309199 is divided by 3558.
3211
Calculate the remainder when 23040949 is divided by 84091.
15
What is the remainder when 1223635 is divided by 4237?
3379
What is the remainder when 110914 is divided by 3144?
874
Calculate the remainder when 91360891 is divided by 915.
886
What is the remainder when 2600799 is divided by 198?
69
What is the remainder when 13146915 is divided by 2629382?
5
What is the remainder when 2229040 is divided by 242?
220
Calculate the remainder when 2015941 is divided by 403157.
156
Calculate the remainder when 63543 is divided by 533.
116
Calculate the remainder when 25653727 is divided by 5849.
13
Calculate the remainder when 38446042 is divided by 2746145.
12
What is the remainder when 192534 is divided by 1013?
64
What is the remainder when 9861321 is divided by 9861319?
2
Calculate the remainder when 947656 is divided by 654.
10
What is the remainder when 62218 is divided by 5112?
874
Calculate the remainder when 1639996 is divided by 819946.
104
Calculate the remainder when 32641986 is divided by 333.
327
Calculate the remainder when 156289 is divided by 5154.
1669
Calculate the remainder when 15740 is divided by 5706.
4328
Calculate the remainder when 8471242 is divided by 2117810.
2
What is the remainder when 71924 is divided by 71892?
32
Calculate the remainder when 11599 is divided by 1286.
25
What is the remainder when 714346629 is divided by 18?
15
Calculate the remainder when 4132862 is divided by 461.
458
Calculate the remainder when 753887 is divided by 639.
506
Calculate the remainder when 4183881 is divided by 21.
9
What is the remainder when 11496056 is divided by 16?
8
Calculate the remainder when 945761 is divided by 586.
543
What is the remainder when 17670 is divided by 8718?
234
Calculate the remainder when 340454882 is divided by 11.
9
What is the remainder when 501511 is divided by 761?
12
Calculate the remainder when 45647 is divided by 33.
8
What is the remainder when 25638442 is divided by 2350?
2292
Calculate the remainder when 126002 is divided by 25086.
572
Calculate the remainder when 294242 is divided by 89.
8
What is the remainder when 808154 is divided by 201999?
158
Calculate the remainder when 6181469 is divided by 6181461.
8
Calculate the remainder when 1460718 is divided by 50.
18
Calculate the remainder when 253588 is divided by 7244.
48
What is the remainder when 387936 is divided by 72?
0
What is the remainder when 591730 is divided by 1015?
1000
Calculate the remainder when 116880 is divided by 257.
202
Calculate the remainder when 90869 is divided by 8224.
405
What is the remainder when 7824916 is divided by 364?
8
Calculate the remainder when 566565 is divided by 80860.
545
Calculate the remainder when 561311 is divided by 347